5 = -g - 4*b + l*b. What is the units digit of g?
1
Suppose 8*i = 7*i + 12. What is the units digit of i?
2
Let p = -4 - -7. Suppose -p*y + 0*y + 45 = 0. What is the tens digit of y?
1
Suppose r + 483 = 2*k + 102, -4*k + 771 = -5*r. What is the hundreds digit of k?
1
Let h be (-9)/(-3) - -1 - 4. Suppose h = -7*q - 44 + 114. What is the tens digit of q?
1
Suppose -k + 169 = 31. What is the tens digit of k/9 - 2/6?
1
Let a = 224 + -160. What is the units digit of a?
4
What is the units digit of 120/12*(-42)/(-10)?
2
Suppose 14 - 4 = 5*v. Let x be (1/v)/(1/(-16)). Let q = x + 15. What is the units digit of q?
7
Let v = 31 + -7. Let o = v - 18. What is the units digit of o?
6
Let y = -2 - 2. Let u = y + 8. What is the units digit of u?
4
Let z be 828/20 - 4/10. Suppose -y - 2 = -3*n + z, -48 = -4*n - y. What is the units digit of n?
3
Suppose -2*l + 2*m = -56, 2*l - 18 = l + 3*m. What is the units digit of l?
3
Let c(o) = -5*o**3 + 2*o + 1. Let z be c(-1). Suppose z*y - 1 - 3 = 0. What is the tens digit of (y + 2)/3 + 10?
1
Let n(t) = t**3 - 6*t**2 - 6*t + 4. What is the units digit of n(7)?
1
Suppose 9 = -2*w - 5*d, d + 11 = -7*w + 2*w. Let f = 4 - w. What is the units digit of f?
6
Let v = 15 - -1. What is the units digit of v?
6
What is the units digit of (12/(-3))/(2/(-27))?
4
Suppose 4*s - 187 = 249. What is the hundreds digit of s?
1
Let o be 2*((-25)/(-2))/5. Suppose -2*r = -w - 3, 0*r = -w - 2*r + o. What is the units digit of w?
1
Let v(w) = -12*w**3 + 2*w**2 + 1. Let g(y) = -11*y**3 + 3*y**2 + 1. Let l(d) = -3*g(d) + 4*v(d). What is the tens digit of l(-1)?
1
Let o = 7 - 2. Suppose -12 = -3*j - j. Suppose -12 = -o*z + j. What is the units digit of z?
3
Suppose 0 = 5*p - p - 12. Suppose -4*a - 6*q + 48 = -2*q, 4*a - p*q = 76. What is the units digit of a?
6
Let m = -4 - -4. Suppose 2*r + 3*r + 15 = m. What is the units digit of (-3)/((-2)/(-4)*r)?
2
Let m be 0 - -3 - 0/(-2). Suppose m*i - 62 - 34 = 0. What is the tens digit of i?
3
Let j(g) = -g**3 - 10*g**2 - 9*g + 4. Let f be j(-9). What is the units digit of 5 - (-7)/((-14)/f)?
3
What is the tens digit of 4/8 + 435/6?
7
Let x(h) = -h**3 - 2*h**2 + h - 4. Let p be x(-3). Let a(r) = -3*r + r**2 - 3 + 4 + 2. What is the units digit of a(p)?
1
Suppose -2*q + q = 0. Suppose k = 1 - q. What is the units digit of k?
1
Let w = -460 - -799. Suppose -r = 2*r - w. Suppose 2*f + 18 = -5*d + r, 5*d + 5*f = 110. What is the tens digit of d?
1
Suppose 2*s - 161 = -h, -5*s + h = -359 - 54. What is the units digit of s?
2
Let k = -10 + 13. Suppose -k*w = -2*q + 23, 2*q + 3*q + 5*w = 45. What is the units digit of q?
0
Suppose w = -w + 260. Suppose 0 = -0*t - 5*t + w. What is the units digit of t?
6
Let u = -28 + 26. What is the units digit of (-1 - -3) + (-34)/u?
9
Suppose 0*l + 96 = 2*l. What is the units digit of l?
8
Let r(p) = 2*p**2 - 3*p - 3. Let a(s) = s**3 - 7*s**2 + 6*s + 3. Let k be a(6). Let y be r(k). What is the tens digit of 4/((-5)/((-75)/y))?
1
Suppose 0*o = -2*h + o + 4, 5*o = 5*h. Suppose 2*m - 5*r - 65 = 0, -h*r = -7*m + 2*m + 120. What is the tens digit of m?
2
Let a = -2 + 3. Let n = a - -3. What is the units digit of n?
4
Let d = -23 - -67. What is the units digit of d?
4
Let i(p) = p**3 + 5*p**2. Let c be i(-5). Suppose c = w + 2*w + 3. Let f = w - -2. What is the units digit of f?
1
Let m(k) = k**2 - 2*k + 45. Let y be m(0). Suppose 4*o = o + y. What is the units digit of o?
5
Let h(l) be the third derivative of l**5/60 - 3*l**4/8 + l**3/6 + l**2. Let o(a) be the first derivative of h(a). What is the units digit of o(6)?
3
Let l(q) = q**3 + 6*q**2 + 2*q + 3. Let t be l(-6). What is the units digit of (2 - t/(-1))*-1?
7
Let m = 97 + 35. What is the units digit of m?
2
Suppose -291 = -2*v + 4*d + 93, 0 = -3*v - 2*d + 584. What is the units digit of v?
4
Let f = -68 - -130. What is the tens digit of f?
6
Suppose -2*a = -j + 16, 8 = -2*a + 4*j - j. Let x = a - -25. What is the tens digit of x?
1
Suppose 5*j - 3*w - 1 - 59 = 0, 3*j + 3*w = 12. Suppose j - 2 = g + z, -2*z + 8 = 0. What is the units digit of g?
3
Let r(c) = 2*c**3 - 3*c**2 + 2*c - 4. What is the units digit of r(3)?
9
Let d(q) = q**3 + 4*q**2 - q - 2. Let w(t) = -2*t + 8. Suppose -6 = -0*r - r. Let y be w(r). What is the units digit of d(y)?
2
Let l = 57 - -20. What is the units digit of l?
7
Suppose 2 = -4*s + 18. Let r(w) = -w**2 + 2 + w**3 + 6*w**2 - 3 + s*w. What is the units digit of r(-3)?
5
Let i(c) = 0*c - 21*c + 0 + 2 - 3. What is the tens digit of i(-2)?
4
Suppose 3*m - 36 = 2*t + 182, -4*m - 3*t = -268. Let r = m - 47. What is the units digit of r?
3
Let s = -3 + 5. Suppose -s*y + 0 + 2 = 0. Suppose -3*d - 73 = -5*f, f - 5*d = -y - 2. What is the tens digit of f?
1
Let p be 2/3 - 34/6. What is the units digit of 6 + p + 6 + -2?
5
Let q(v) = 4*v - 10. Let p be q(7). Let g = p - -1. What is the units digit of g?
9
Suppose 5 = 2*g - 5. Let t(c) = -5*c + g + 2*c**2 + 0 - 3*c**2. What is the units digit of t(-5)?
5
Let m(d) = d**2 + d. What is the units digit of m(6)?
2
Let c = 110 + -38. What is the tens digit of c?
7
Let z = 6 - 4. Suppose 18 = -3*i - 3. Let v = z - i. What is the units digit of v?
9
Let a be 19/1 + -2 + 1. Suppose -r - 2*r + 54 = -3*p, 3*p - a = -r. What is the units digit of r?
8
Let x(n) = n**3 + 12*n**2 - n + 12. What is the units digit of x(-12)?
4
Let h(z) = z**3 + 5*z**2 - 7*z - 9. Let a be h(-6). Let w(q) = q**3 + q**2 - 3*q + 4. Let m be w(a). Let c = -3 - m. What is the units digit of c?
2
Let a = 286 + -122. Suppose -8*r - a = -12*r. What is the units digit of r?
1
Let z(a) = 6*a**2 - 3*a. Let u be z(2). Let t be (-12)/(-20) - (-84)/10. Let o = u - t. What is the units digit of o?
9
Suppose -2*h = -v - 4*h + 53, 2*h + 57 = v. Let g(o) = o**2 + 4*o + 4. Let f be g(-4). Suppose 0*m + 5*w + v = 5*m, 35 = f*m + 5*w. What is the tens digit of m?
1
Let u be (-17)/85 - 61/(-5). Suppose 0 = 6*y - 3*y - 15. Suppose u = y*v - 8. What is the units digit of v?
4
Suppose 5*n - 218 = -2*g, 0 = -0*n - n - 3*g + 41. What is the units digit of n/6 - 6/(-9)?
8
Suppose 0*v - 2*v + 25 = -3*m, 5 = -v - 2*m. What is the units digit of v?
5
Suppose 5*k - 25 = 75. What is the units digit of k?
0
Let x(a) be the third derivative of -a**6/120 - a**5/15 + a**4/8 + a**3/6 + 2*a**2. Let k be x(-5). Let n = 23 - k. What is the units digit of n?
2
Let p = 12 - -46. What is the units digit of p?
8
Let i = -25 - -36. Suppose 0 = -3*u + i + 1. What is the units digit of u?
4
Let d = 557 + -261. What is the units digit of d?
6
Suppose 8*l = 798 - 86. What is the tens digit of l?
8
Let k(h) = -h + 24. Let y be k(9). Let z(p) = p**3 - 5*p**2 - 5*p - 7. Let m be z(6). What is the units digit of (y - -1 - m)*1?
7
Suppose 0 = -5*d - 107 + 382. What is the units digit of d?
5
Suppose -6*c = -1183 + 325. What is the tens digit of c?
4
Suppose 0 = -n + 6*n - 25. Let y(x) = 4*x**2 - x. Let h be y(1). Suppose -r = -h*i - 2*r + 26, 3*i = n*r + 14. What is the units digit of i?
8
What is the tens digit of (-10)/4*(-1316)/70?
4
Let b = -307 + 459. What is the units digit of b?
2
Suppose -x - 5*a - 11 = 0, -5 - 3 = -5*x - 4*a. Suppose -x = -2*c - 6. What is the units digit of 0 + 2/((-2)/c)?
1
Suppose n - 9 - 3 = 0. Suppose 4*x = x + n. What is the tens digit of 28/(-6)*(-7 + x)?
1
What is the units digit of 208 - (-1)/(1 + 0) - 0?
9
Let t be (-65)/(-3) - (-5)/15. Let x be (-800)/56 + (-4)/(-14). Let d = t + x. What is the units digit of d?
8
Let g = 31 + -15. Let l = g - 8. What is the units digit of l?
8
Let k be 3*(-1)/(9/159). Let m = k - -82. What is the tens digit of m?
2
Let m = 12 - -9. Suppose -m = -l - 7. What is the units digit of l?
4
Let n(z) = z**2 + 8*z - 2. Let q be n(-8). Let f = q - -4. Suppose -f*o - 3*o + 5 = 0. What is the units digit of o?
1
Let y(r) = 4*r**2 + r - 1. Let t be y(-3). Let k = -17 + t. What is the tens digit of k?
1
Suppose 5*o + 0*y = 5*y + 1070, y = -4*o + 836. What is the tens digit of o?
1
Suppose 34 = -3*m + 250. What is the tens digit of m?
7
Suppose -6*i + 14 = -124. What is the tens digit of i?
2
Let a(t) = -4*t - 1. Let f be a(-1). Suppose -f*x - 1 = 5. What is the units digit of 12 + (-3 - -2) + x?
9
Suppose 1182 + 143 = 5*j. What is the units digit of j?
5
Let g(w) = w + 10. What